{"id":2597,"date":"2025-08-31T21:40:15","date_gmt":"2025-08-31T21:40:15","guid":{"rendered":"https:\/\/www.jf-belver.pt\/?page_id=2597"},"modified":"2025-08-31T21:42:46","modified_gmt":"2025-08-31T21:42:46","slug":"transportes-publicos","status":"publish","type":"page","link":"https:\/\/www.jf-belver.pt\/?page_id=2597","title":{"rendered":"Transportes P\u00fablicos"},"content":{"rendered":"<h2>Servi\u00e7o T\u00e1xis<\/h2>\n<p style=\"font-weight: 400;\">Joaquim Pires: 933563875<\/p>\n<p style=\"font-weight: 400;\">Joaquim Lan\u00e7a: 933445154<\/p>\n<p style=\"font-weight: 400;\">Ricardo Marques: 929141341<\/p>\n<hr \/>\n<p style=\"font-weight: 400;\">Rodovi\u00e1ria do Alentejo:\u00a0<a href=\"https:\/\/www.rodalentejo.pt\/\" data-saferedirecturl=\"https:\/\/www.google.com\/url?q=https:\/\/www.rodalentejo.pt&amp;source=gmail&amp;ust=1756758217343000&amp;usg=AOvVaw1muaLgDkIW3ysfOWeaqu2d\">https:\/\/www.rodalentejo.pt<\/a><\/p>\n<p style=\"font-weight: 400;\">Rodovi\u00e1ria do Tejo:\u00a0<a href=\"https:\/\/www.rodotejo.pt\/\" data-saferedirecturl=\"https:\/\/www.google.com\/url?q=https:\/\/www.rodotejo.pt&amp;source=gmail&amp;ust=1756758217343000&amp;usg=AOvVaw17O4erCUELnAUu0SrR9ppT\">https:\/\/www.rodotejo.pt<\/a><\/p>\n<p>Rede Expressos: <a href=\"https:\/\/www.rede-expressos.pt\" target=\"_blank\" rel=\"noopener\">https:\/\/www.rede-expressos.pt<\/a><\/p>\n<p>&nbsp;<\/p>\n","protected":false},"excerpt":{"rendered":"<p>Servi\u00e7o T\u00e1xis Joaquim Pires: 933563875 Joaquim Lan\u00e7a: 933445154 Ricardo Marques: 929141341 Rodovi\u00e1ria do Alentejo:\u00a0https:\/\/www.rodalentejo.pt Rodovi\u00e1ria do Tejo:\u00a0https:\/\/www.rodotejo.pt Rede Expressos: https:\/\/www.rede-expressos.pt &nbsp;<\/p>\n","protected":false},"author":2,"featured_media":0,"parent":158,"menu_order":0,"comment_status":"closed","ping_status":"closed","template":"","meta":{"footnotes":""},"class_list":["post-2597","page","type-page","status-publish","hentry"],"_links":{"self":[{"href":"https:\/\/www.jf-belver.pt\/index.php?rest_route=\/wp\/v2\/pages\/2597","targetHints":{"allow":["GET"]}}],"collection":[{"href":"https:\/\/www.jf-belver.pt\/index.php?rest_route=\/wp\/v2\/pages"}],"about":[{"href":"https:\/\/www.jf-belver.pt\/index.php?rest_route=\/wp\/v2\/types\/page"}],"author":[{"embeddable":true,"href":"https:\/\/www.jf-belver.pt\/index.php?rest_route=\/wp\/v2\/users\/2"}],"replies":[{"embeddable":true,"href":"https:\/\/www.jf-belver.pt\/index.php?rest_route=%2Fwp%2Fv2%2Fcomments&post=2597"}],"version-history":[{"count":4,"href":"https:\/\/www.jf-belver.pt\/index.php?rest_route=\/wp\/v2\/pages\/2597\/revisions"}],"predecessor-version":[{"id":2606,"href":"https:\/\/www.jf-belver.pt\/index.php?rest_route=\/wp\/v2\/pages\/2597\/revisions\/2606"}],"up":[{"embeddable":true,"href":"https:\/\/www.jf-belver.pt\/index.php?rest_route=\/wp\/v2\/pages\/158"}],"wp:attachment":[{"href":"https:\/\/www.jf-belver.pt\/index.php?rest_route=%2Fwp%2Fv2%2Fmedia&parent=2597"}],"curies":[{"name":"wp","href":"https:\/\/api.w.org\/{rel}","templated":true}]}}

Transportes Públicos

<h2>Serviço Táxis</h2>
<p style="font-weight: 400;">Joaquim Pires: 933563875</p>
<p style="font-weight: 400;">Joaquim Lança: 933445154</p>
<p style="font-weight: 400;">Ricardo Marques: 929141341</p>
<hr />
<p style="font-weight: 400;">Rodoviária do Alentejo: <a href="https://www.rodalentejo.pt/" data-saferedirecturl="https://www.google.com/url?q=https://www.rodalentejo.pt&amp;source=gmail&amp;ust=1756758217343000&amp;usg=AOvVaw1muaLgDkIW3ysfOWeaqu2d">https://www.rodalentejo.pt</a></p>
<p style="font-weight: 400;">Rodoviária do Tejo: <a href="https://www.rodotejo.pt/" data-saferedirecturl="https://www.google.com/url?q=https://www.rodotejo.pt&amp;source=gmail&amp;ust=1756758217343000&amp;usg=AOvVaw17O4erCUELnAUu0SrR9ppT">https://www.rodotejo.pt</a></p>
<p>Rede Expressos: <a href="https://www.rede-expressos.pt" target="_blank" rel="noopener">https://www.rede-expressos.pt</a></p>
<p>&nbsp;</p>

<p>Serviço Táxis Joaquim Pires: 933563875 Joaquim Lança: 933445154 Ricardo Marques: 929141341 Rodoviária do Alentejo: https://www.rodalentejo.pt Rodoviária do Tejo: https://www.rodotejo.pt Rede Expressos: https://www.rede-expressos.pt &nbsp;</p>
