{"id":162,"date":"2018-09-26T08:11:10","date_gmt":"2018-09-26T08:11:10","guid":{"rendered":"http:\/\/www.jf-belver.pt\/?page_id=162"},"modified":"2025-10-27T22:41:55","modified_gmt":"2025-10-27T22:41:55","slug":"orgaos-eleitos","status":"publish","type":"page","link":"https:\/\/www.jf-belver.pt\/?page_id=162","title":{"rendered":"\u00d3rg\u00e3os Eleitos"},"content":{"rendered":"<h3>JUNTA DE FREGUESIA<\/h3>\r\n<p><strong>Presidente<\/strong><\/p>\r\n<p style=\"font-weight: 400; padding-left: 40px;\">Paulo Jos\u00e9 Igreja Ventura<\/p>\r\n<p><strong>Secret\u00e1rio<\/strong><\/p>\r\n<p style=\"font-weight: 400; padding-left: 40px;\">Andr\u00e9 Miguel Soares Mendes Martins<\/p>\r\n<p><strong>Tesoureiro<\/strong><\/p>\r\n<p style=\"font-weight: 400; padding-left: 40px;\">Silvia Alexandra Marcelino e Bernardo<\/p>\r\n<p>&nbsp;<\/p>\r\n<h3>ASSEMBLEIA DA FREGUESIA<\/h3>\r\n<p><strong>Presidente<\/strong><\/p>\r\n<p style=\"padding-left: 40px;\">Miguel Francisco Padeiro Martins<\/p>\r\n<p><strong>1.\u00ba Secret\u00e1rio<\/strong><\/p>\r\n<p style=\"padding-left: 40px;\">Anabela Avelelas Morais Olas<\/p>\r\n<p><strong>2.\u00ba Secret\u00e1rio<\/strong><\/p>\r\n<p style=\"padding-left: 40px;\">\u00c9lia Maria Dias Marques Raimundo<\/p>\r\n<p><strong>Membros<\/strong><\/p>\r\n<p style=\"padding-left: 40px;\">Norberto Sequeira de Matos<\/p>\r\n<p style=\"padding-left: 40px;\">Paula Cristina Pereira Gamas Ferreira<\/p>\r\n<p style=\"padding-left: 40px;\">Eurico de Matos Ventura<\/p>\r\n<p style=\"padding-left: 40px;\">Filipe Rodrigo Heitor Rocha<\/p>\r\n<p>&nbsp;<\/p>\r\n\r\n<p>&nbsp;<\/p>\r\n","protected":false},"excerpt":{"rendered":"<p>JUNTA DE FREGUESIA Presidente Paulo Jos\u00e9 Igreja Ventura Secret\u00e1rio Andr\u00e9 Miguel Soares Mendes Martins Tesoureiro Silvia Alexandra Marcelino e Bernardo &nbsp; ASSEMBLEIA DA FREGUESIA Presidente Miguel Francisco Padeiro Martins 1.\u00ba Secret\u00e1rio Anabela Avelelas Morais Olas 2.\u00ba Secret\u00e1rio \u00c9lia Maria Dias Marques Raimundo Membros Norberto Sequeira de Matos Paula Cristina Pereira Gamas Ferreira Eurico de Matos [&hellip;]<\/p>\n","protected":false},"author":2,"featured_media":0,"parent":158,"menu_order":0,"comment_status":"closed","ping_status":"closed","template":"","meta":{"footnotes":""},"class_list":["post-162","page","type-page","status-publish","hentry"],"_links":{"self":[{"href":"https:\/\/www.jf-belver.pt\/index.php?rest_route=\/wp\/v2\/pages\/162","targetHints":{"allow":["GET"]}}],"collection":[{"href":"https:\/\/www.jf-belver.pt\/index.php?rest_route=\/wp\/v2\/pages"}],"about":[{"href":"https:\/\/www.jf-belver.pt\/index.php?rest_route=\/wp\/v2\/types\/page"}],"author":[{"embeddable":true,"href":"https:\/\/www.jf-belver.pt\/index.php?rest_route=\/wp\/v2\/users\/2"}],"replies":[{"embeddable":true,"href":"https:\/\/www.jf-belver.pt\/index.php?rest_route=%2Fwp%2Fv2%2Fcomments&post=162"}],"version-history":[{"count":8,"href":"https:\/\/www.jf-belver.pt\/index.php?rest_route=\/wp\/v2\/pages\/162\/revisions"}],"predecessor-version":[{"id":2645,"href":"https:\/\/www.jf-belver.pt\/index.php?rest_route=\/wp\/v2\/pages\/162\/revisions\/2645"}],"up":[{"embeddable":true,"href":"https:\/\/www.jf-belver.pt\/index.php?rest_route=\/wp\/v2\/pages\/158"}],"wp:attachment":[{"href":"https:\/\/www.jf-belver.pt\/index.php?rest_route=%2Fwp%2Fv2%2Fmedia&parent=162"}],"curies":[{"name":"wp","href":"https:\/\/api.w.org\/{rel}","templated":true}]}}